{"id":1480,"date":"2025-11-24T14:43:34","date_gmt":"2025-11-24T13:43:34","guid":{"rendered":"https:\/\/lenemi.pl\/?page_id=1480"},"modified":"2025-11-25T06:58:19","modified_gmt":"2025-11-25T05:58:19","slug":"siec","status":"publish","type":"page","link":"https:\/\/lenemi.pl\/?page_id=1480","title":{"rendered":"Sie\u0107"},"content":{"rendered":"\n<p class=\"has-text-align-center\">Tworzymy sieci precyzyjnie dopasowane do indywidualnych wymaga\u0144 zapewniaj\u0105c ich wysok\u0105 wydajno\u015b\u0107 i niezawodno\u015b\u0107. Analizujemy potrzeby i projektujemy rozwi\u0105zania, kt\u00f3re wspieraj\u0105 rozw\u00f3j i u\u0142atwiaj\u0105 funkcjonowanie:<\/p>\n\n\n\n<p><\/p>\n\n\n\n<ul class=\"wp-block-list\">\n<li>routery, switche, access pointy<\/li>\n\n\n\n<li>sieci LAN i Wi-Fi<\/li>\n\n\n\n<li>firewalle i zabezpieczenia<\/li>\n\n\n\n<li>VPN i zdalny dost\u0119p<\/li>\n\n\n\n<li>monitoring i administrowanie sieci\u0105<\/li>\n<\/ul>\n","protected":false},"excerpt":{"rendered":"<p>Tworzymy sieci precyzyjnie dopasowane do indywidualnych wymaga\u0144 zapewniaj\u0105c ich wysok\u0105 wydajno\u015b\u0107 i niezawodno\u015b\u0107. Analizujemy potrzeby i projektujemy rozwi\u0105zania, kt\u00f3re wspieraj\u0105 rozw\u00f3j i u\u0142atwiaj\u0105 funkcjonowanie:<\/p>\n","protected":false},"author":1,"featured_media":0,"parent":0,"menu_order":0,"comment_status":"closed","ping_status":"closed","template":"","meta":{"footnotes":""},"class_list":["post-1480","page","type-page","status-publish","hentry"],"_links":{"self":[{"href":"https:\/\/lenemi.pl\/index.php?rest_route=\/wp\/v2\/pages\/1480","targetHints":{"allow":["GET"]}}],"collection":[{"href":"https:\/\/lenemi.pl\/index.php?rest_route=\/wp\/v2\/pages"}],"about":[{"href":"https:\/\/lenemi.pl\/index.php?rest_route=\/wp\/v2\/types\/page"}],"author":[{"embeddable":true,"href":"https:\/\/lenemi.pl\/index.php?rest_route=\/wp\/v2\/users\/1"}],"replies":[{"embeddable":true,"href":"https:\/\/lenemi.pl\/index.php?rest_route=%2Fwp%2Fv2%2Fcomments&post=1480"}],"version-history":[{"count":10,"href":"https:\/\/lenemi.pl\/index.php?rest_route=\/wp\/v2\/pages\/1480\/revisions"}],"predecessor-version":[{"id":1508,"href":"https:\/\/lenemi.pl\/index.php?rest_route=\/wp\/v2\/pages\/1480\/revisions\/1508"}],"wp:attachment":[{"href":"https:\/\/lenemi.pl\/index.php?rest_route=%2Fwp%2Fv2%2Fmedia&parent=1480"}],"curies":[{"name":"wp","href":"https:\/\/api.w.org\/{rel}","templated":true}]}}